r?
False
Suppose 0 = o + 5*q - 1459, 3*o - 5908 = -o - 2*q. Let x = o + 1684. Is x a prime number?
True
Let h(n) = -225*n + 2. Suppose 0*q + 3*q + 18 = 0. Let s(g) = -225*g + 2. Let f(p) = q*s(p) + 5*h(p). Is f(1) prime?
True
Let d(z) = z**3 - 6*z**2 + 12*z - 14. Let v be d(4). Let u(f) be the first derivative of 33*f**3 - 3*f**2/2 + 5*f - 1. Is u(v) a prime number?
False
Let w = 64581 + -41000. Is w composite?
False
Let s(h) = 139*h**2 + 507*h - 33. Is s(14) a composite number?
True
Let i(k) be the first derivative of 17*k**4/2 - 2*k**3/3 - k**2/2 + 9*k + 16. Let g(o) = 4*o. Let j be g(1). Is i(j) a composite number?
True
Let i = 515 + -510. Suppose -i*k - 2*z = -10*k + 43597, 26160 = 3*k - 3*z. Is k a composite number?
False
Let z(s) = s**3 - 4*s**2 - 2*s + 10. Let v be z(5). Suppose -4*q + 11251 = h - 6*h, v = 5*h. Is q a composite number?
False
Suppose 2*o - 5*m = 3, 5*m + 7 - 20 = -2*o. Let y(z) = 28*z**2 + o*z**2 + 35 - z**3 - 21*z - 24*z. Is y(23) a composite number?
False
Let l = 82 - 76. Let d(c) = 42*c**2 + c + 25. Is d(l) a composite number?
False
Suppose 2*k - 345754 = 4*g, 4*g = -8 - 0. Is k prime?
False
Let p(i) = 112*i**2 - 2 + 2*i - 2*i. Let s(a) = a**2 + 7*a - 62. Let f be s(5). Is p(f) composite?
True
Let v(o) = 220*o + 405. Let s(h) = -17*h - 31. Let q(j) = 40*s(j) + 3*v(j). Is q(-7) prime?
False
Let w(g) = -6897*g**3 - g**2 - 2*g. Let s = -264 - -263. Is w(s) prime?
False
Let l be -6 + (-7 - -722) + 4. Suppose 48*r = 47*r + l. Is r a prime number?
False
Suppose r - 4*q + 3*q = -108, -2*r + 5*q - 207 = 0. Let n = r + 180. Is n a composite number?
True
Suppose 0 = 5*y - 7*y + 4*m + 4742, 2*y = 3*m + 4737. Let s = y + 2828. Is s composite?
False
Suppose -3*s - 20*s + 115 = 0. Suppose 0 = -s*d + 5*x + 10840, 0*x + 2165 = d + 2*x. Is d composite?
True
Suppose -4*x + 5*v + 319756 = -73241, -4*x = -2*v - 392982. Is x a prime number?
False
Let r be 354*((-6 - (-46)/(-6)) + -4). Let z = 12501 + r. Is z a prime number?
True
Suppose 0 = -v + 2, 0 = -3*d + 2*v + 2710084 + 1356334. Is d a composite number?
True
Let s(p) be the first derivative of 13607*p**2/2 - 12*p - 200. Is s(1) composite?
True
Let q be -4 + (-3)/((-6)/16). Suppose 7 = q*o - 45. Suppose 15*r = o*r + 1282. Is r a prime number?
True
Suppose 0 = 9*y - 7*y + 2*q + 6192, -2*y - 6192 = -2*q. Let n = y + 4605. Is n composite?
True
Let k = -142856 - -209499. Is k composite?
False
Is (-23299629)/(-365)*5/3 composite?
False
Let h be 174/(-145)*(-15 + 0). Suppose 16*n + h*n - 289034 = 0. Is n a prime number?
True
Let r(g) = -4*g**2 + 2*g - 41. Let d(m) = m**2 - 1. Let l(i) = 5*d(i) + r(i). Let f be l(-8). Suppose h - 2394 = -f*h - w, 0 = 2*w + 6. Is h prime?
False
Let c(v) = -7*v**3 + 6*v**2 + 3*v - 7. Let j(d) = d**2 - 7*d + 4. Let m be j(5). Is c(m) a composite number?
True
Let i(p) = 183*p**2 - 14*p + 5. Let c be i(7). Suppose -6*w + 1380 = -c. Is w a prime number?
True
Suppose 0 = -4*f - 4*o + 20, 2*f + 15 = 6*o - 3*o. Suppose f = 13*k - 16*k + 948. Suppose -k = -x - b, b + 59 = 2*x - 582. Is x a composite number?
True
Suppose -2*p + 3*j = p - 92481, -92488 = -3*p - 4*j. Suppose p = -s + 8*s. Suppose 0 = 12*w - 8*w - s. Is w a composite number?
True
Let g(t) = 22080*t**3 + 3*t**2 + 19*t - 57. Is g(2) a prime number?
False
Let z be (-7 - (-38)/4)*5464/5. Suppose 2*q + 2*o = z, 4*q - 5524 + 100 = 4*o. Is q composite?
False
Let q(x) = 2*x**2 + 955. Suppose 2*v + 23 = 23. Is q(v) a composite number?
True
Let i(d) = 71*d - 60. Let j(w) = 69*w - 61. Let v(q) = 5*i(q) - 6*j(q). Is v(-19) composite?
False
Suppose -23073458 = -143*f - 215*f. Is f a prime number?
True
Let m = 14980 + -7911. Let v = m + -3512. Is v composite?
False
Let g(s) = s**2 + 4*s - 7. Let w be g(2). Suppose 0 = c + 3*r - 368, 2*r - 728 = -w*c + 3*c. Let z = 807 - c. Is z a composite number?
True
Let g(m) = -m**3 + 9*m**2 - 8*m - 15. Let u be g(18). Let x = u + 6620. Is x a composite number?
True
Let w = -1929 + 1059. Suppose -6*u + 2*u = 7588. Let d = w - u. Is d prime?
False
Let o(l) = 4*l - 28. Let h be o(7). Suppose h = -u + t + 2107, -u + 10519 = 4*u - t. Is u a composite number?
True
Suppose 3*a - 355 - 572 = 0. Let l(f) = 2*f**3 + 22*f**2 - 25*f - 8. Let k be l(-12). Suppose -k*z = -z - a. Is z a composite number?
False
Let g(i) = 35*i**2 - i - 41. Let f(n) = n**2 - 8*n + 14. Let m be f(8). Is g(m) a composite number?
True
Let r be 608/(-95)*(-10)/4. Suppose 5*b = 4*t + 5799, 7*t = 11*t - r. Is b composite?
False
Let p(f) = -5*f + 20*f**2 + 30 - 23 + 191*f**2 + 4*f. Is p(3) a composite number?
True
Let y(u) = 3897*u**2 + 2*u. Suppose p - 21 = -20. Is y(p) a prime number?
False
Suppose 5*s - 23 = -3. Suppose 4*w + 2*q = -1939 + 10187, -s*q + 2055 = w. Is w a composite number?
False
Let j(x) = -x**3 - 11*x**2 + x + 11. Let p be j(-11). Suppose p = -35*d + 29*d - 48. Is 2*4/(d/(-863)) prime?
True
Suppose -4*k - 99 = 65. Let l = -38 - k. Suppose l*q = -4*q + 11711. Is q composite?
True
Let m(b) = 10*b**2 - 9*b + 10. Let c be m(8). Let k = -150 + c. Suppose u + 5*s - 175 = -u, -5*u = 3*s - k. Is u prime?
False
Suppose 2*p - 3*n - 2*n - 26602 = 0, -13295 = -p + n. Is p prime?
True
Let t = 159 - 934. Let x = t + 4516. Suppose 2*m + 4*s = -3*m + x, 0 = m - 4*s - 729. Is m prime?
False
Suppose 202*d - 2236443 = -497425. Is d a composite number?
False
Let q(l) = 15233*l - 1524. Is q(7) a composite number?
False
Let i = 1079100 - 770539. Is i prime?
False
Suppose g - 9*c = -8*c + 66227, -g + 66191 = 5*c. Is g prime?
True
Let h = 5170148 + -3533109. Is h prime?
False
Suppose 0 = 6*c + 388 - 136. Is (12/c)/(5/(-6685)) a prime number?
False
Is (-56)/(-126) - (-17130692)/36 a composite number?
True
Let f(j) be the first derivative of 51*j**4/4 + j**3 + 11*j**2/2 + 4*j - 189. Is f(5) composite?
True
Let g be (-2)/1 + -17 + 13. Let w be 8/g*(-3)/2. Suppose -w*x = -4*x + 62. Is x a prime number?
True
Let m(x) = -11*x**3 + x**2 + 10*x - 10. Let l be -3 + 1 + -10 + 3 + 3. Is m(l) a prime number?
False
Suppose 4*c + 129 = 5*a, 2*c - 3*a + 57 = 2*a. Let h = c + 44. Is -17*10/h*2*-2 composite?
True
Suppose 10 = 10*q - 8*q. Suppose 3*a + 2*v - 7714 = 0, 0 = 4*a - a - q*v - 7679. Let d = 3755 - a. Is d a composite number?
False
Is 239033 + 26 - 14/(-7) a composite number?
True
Let m(t) = 16*t + 109. Let s be m(-7). Let k(w) = -1342*w - 7. Is k(s) a prime number?
True
Suppose 10*z + 197*p - 198*p = 253017, -z + 25308 = -p. Is z composite?
False
Suppose 4*n + 2*n - 12 = 0. Suppose 0*t + n*t = 626. Suppose a - t = 3*x, -a + 35 + 264 = 4*x. Is a a composite number?
False
Let q(i) = 3*i**2 + 2*i. Let c be q(-2). Let h(a) = 12*a**3 + 12*a**2 - 41*a + 19. Let k be h(9). Is (-1)/((-8)/k) + (-2)/c prime?
True
Let a(c) = -1259*c + 35. Let l be (7 - 1338/90) + 2/(-15). Let u be a(l). Suppose -3*p + i = -10484, 3*p - 397 = 5*i + u. Is p a composite number?
True
Let j be 44/6 - ((-5)/(-3))/5. Let x be ((3 - -4)/j)/(1/(-2)). Is (4 + x - -1509) + -6 + 6 prime?
True
Let y(x) = 5*x**2 - 11 - x**3 + 11*x - 10*x + 0*x**2. Let w(z) = z**2 + 1. Let l(q) = -2*w(q) - y(q). Is l(10) prime?
False
Let b(c) be the first derivative of 83*c**3/3 + 9*c**2/2 - 3*c - 31. Is b(8) composite?
False
Suppose o + 28 = 4*c - 3*o, 0 = -4*c + 5*o + 31. Suppose 0 = y + c*u - 12763, 10*u - 8*u = -4*y + 51066. Is y a prime number?
False
Suppose 1722679 = -17*j - 6*j + 30*j. Is j a composite number?
False
Let w(v) = -89 - 151*v - 111*v - 13*v. Is w(-18) prime?
True
Suppose s - 2478 = 430. Suppose -s = 4*o - 12920. Is o prime?
True
Let j = 113765 + -54182. Suppose -7*y - j = 18327. Is y/28*(-4)/6 composite?
True
Suppose -16*j = -26*j - 320. Is 9564/j*-4*(-1 - -3) prime?
False
Suppose -5*o - 15 = -5*l, 0 = 16*o - 19*o. Suppose 5986 = 2*q - 4*t, 5*q + l*t = 21996 - 6992. Is q composite?
False
Is 15*12084/36 - 14 prime?
True
Let z(q) = -3*q**2 + 2*q - 1. Let c(p) = p**2 - p. Let h(v) = -7*c(v) - 2*z(v). Let t be h(2). Let r(m) = 22*m**2 - 5*m - 1. Is r(t) a prime number?
True
Let z(m) = m**2 + 1. Let f(c) = 2*c**2 - 14*c + 25. Let s(x) = f(x) + 4*z(x). Is s(-24) prime?
True
Let a = 7550 + -4870. Let x = 6371 - a. Is x prime?
True
Let c = 966763 - 675800. Is c a prime number?
True
Suppose i + 45*t = 47*t + 274830, -5*i - 5*t + 1374120 = 0. Is i a prime number?
False
Let j(g)